of o and k?
8
Let q(k) = k + 6. Let v be q(-5). Let w = 39 + -21. Suppose w = 5*d - 22. What is the greatest common divisor of v and d?
1
Let h(j) = 2*j**2 + 7*j + 8. Let l be h(-7). Let t be l/2*8/6. What is the highest common divisor of 95 and t?
19
Let w be 45/(-2)*(-6)/9. Calculate the greatest common factor of 30 and w.
15
Let t = 15 - 9. Let v be 83 - (1 + (3 - t)). What is the greatest common divisor of 17 and v?
17
Let s be 15/25 + (-57)/(-5). Suppose -5*b + 3 = -s. Suppose 4*m + b*f - 48 = 6*f, 4*m + 3*f - 48 = 0. What is the greatest common divisor of 72 and m?
12
Let v be -4 - -9 - (1 - 0). Let t(u) = u**3 + 8*u**2 + 6*u - 6. Let h be (21/(-6))/(1/2). Let m be t(h). What is the greatest common divisor of m and v?
1
Suppose 0*n + n = -j + 2, 4*j - 2*n = 38. Suppose 3*k = j*k - 40. Suppose o = 3*o - k. Calculate the greatest common divisor of 1 and o.
1
Let j(b) = 5*b**2 - 2*b - 1. Let w be j(-2). What is the highest common divisor of w and 1?
1
Let z = 9 - 24. Let k = z + 18. Calculate the highest common factor of k and 12.
3
Suppose -2*x + l = -5, l - 3 = -0*l. Let r = 12 + x. Let o(q) = q**3 + 6*q**2 + q - 4. Let n be o(-4). Calculate the greatest common factor of r and n.
8
Suppose -3*l = -5*l + 20. What is the greatest common divisor of 70 and l?
10
Let c = 44 - 39. What is the highest common divisor of 15 and c?
5
Suppose 4*a = -4*p + 168, -2*a - 2*a - 2*p + 164 = 0. Suppose -315 = -5*s - a. Let d = 23 - 1. What is the greatest common factor of s and d?
11
Let u(b) = b**3 - 5*b**2 + 3*b + 1. Let s be u(4). Let k be (8/s - -2)*-108. Let t be (15/(-10))/((-1)/6). Calculate the highest common factor of k and t.
9
Suppose u - 65 = -3*w, 0*u + u - 2*w = 90. Let r(d) = -d**2 - 7*d - 2. Let o be r(-3). What is the greatest common factor of u and o?
10
Suppose 0 = -4*k + c + 16, 6*k - 2*k = -2*c + 4. Let v be 250/6 - (-1)/k. Calculate the highest common divisor of v and 14.
14
Let b be 2 + 1 + 0/4. Suppose 1 = b*i - 2*i. Calculate the greatest common divisor of i and 4.
1
Let n(j) = 4*j. Let c be n(1). Let s be (c/(-12))/((-2)/36). Calculate the greatest common divisor of s and 66.
6
Let i(j) = j**3 + 3*j**2 - 4*j + 11. Let s be i(-4). What is the greatest common divisor of s and 176?
11
Suppose 3*x = -3*u - 27 + 147, -u = 4*x - 160. What is the greatest common factor of x and 100?
20
Let l be (-9)/2*(-4)/3. Let g(x) = x**3 + 2*x**2 - 5*x - 4. Let z be g(-3). Calculate the highest common divisor of z and l.
2
Let h = 20 - 14. Let d be -1 - (-19 + -1) - 1. What is the greatest common factor of h and d?
6
Suppose -n + 0*k + 7 = k, -n = 2*k - 4. What is the highest common divisor of 2 and n?
2
Suppose -5*h + 2*l = 0, -h - 2*l + 12 = -0*h. Suppose 0*i = -h*i + 10. Suppose 3*q = -0*q + 75. Calculate the greatest common factor of i and q.
5
Suppose -4*a + 11 = 3. Suppose -2 = -3*v + a*v - k, 0 = -2*v + 2*k. Let w be 1*(10 - v)*1. Calculate the greatest common factor of w and 6.
3
Let z(k) = k**2 + 7*k + 4. Let p be z(-7). Let t = p + 0. Suppose -y + t*y = 36. Calculate the greatest common divisor of 48 and y.
12
Let d = -34 + 41. What is the highest common divisor of d and 21?
7
Suppose 0 = -6*d + 3*d + 6. Let b(m) = -18*m**3 + m**2 + 2*m. Let z be b(-2). Suppose -d*k - z = -6*k. What is the highest common factor of 12 and k?
12
Let h be (1 + 36/(-8))*-2. Let n = -3 + h. Calculate the highest common factor of 1 and n.
1
Let s be (7/(70/(-75)))/(6/(-88)). Let m = -4 - -8. Suppose -m*n - 4*q + 43 = 3, 5*n + 4*q - 50 = 0. What is the highest common factor of s and n?
10
Let b be 146/3*(-6)/(-2). Suppose p + 33 = 3*k - b, 5*k - 301 = -p. Suppose 4*o - 6*o + 24 = 0. Calculate the highest common divisor of o and k.
12
Suppose -j - y = -0*y + 184, 2*j - y = -377. Let b = j + 267. Suppose g - 20 = -0*g. What is the highest common divisor of g and b?
20
Suppose 0*i = 7*i - 294. Calculate the highest common divisor of i and 63.
21
Suppose 9*u - 2297 = -182. What is the highest common factor of 47 and u?
47
Suppose -3*i = -0*i. Suppose 5*b = -0*j - j + 229, 3*j - 12 = i. What is the greatest common divisor of 15 and b?
15
Suppose 20*o = -3*o + 92. Calculate the highest common factor of 9 and o.
1
Let r be 1 + (-7)/6 + (-17261)/(-246). Let d be (-84)/(-9) - 2/(-3). What is the greatest common divisor of d and r?
10
Suppose 2*b - 4 = 0, -4*o + 4*b + 0*b = -112. Let n = 61 - 41. Calculate the greatest common factor of o and n.
10
Let s(n) = n**3 + 3*n**2 + 5. Let x(o) = -3*o**3 - 5*o**2 + o - 11. Let l(b) = 5*s(b) + 2*x(b). Let r be l(3). Calculate the greatest common factor of 3 and r.
3
Let h = 27 - 7. Calculate the greatest common factor of h and 20.
20
Let q be (-4)/(-18) + (-1344)/(-27). Calculate the greatest common divisor of 125 and q.
25
Suppose -4*s + j = -77, 8 = 5*s + j - 77. Suppose -4*r = 10 - 26. Let p be r/8 - 6/(-4). What is the greatest common divisor of p and s?
2
Let x(j) be the third derivative of -j**4/24 + 2*j**3/3 - 3*j**2. Let o be x(3). Let a be (o + 1*-2)*-91. What is the greatest common factor of a and 13?
13
Suppose -7*h = -2*h + 10. Let a be 0/((-6)/h) + 55. Let b be 2*2*a/20. Calculate the highest common factor of b and 1.
1
Let q = 35 - 371. Let a be 0 + (-1 - (1 + 234)). Let c = a - q. Calculate the highest common divisor of c and 20.
20
Let k = 0 - -5. Suppose -k*h + 2*y + 74 = y, -2*h + 4*y = -44. Let x be ((-4)/10)/(2/(-10)). What is the highest common divisor of x and h?
2
Let u = 10 - 7. Suppose 4*s + 9 + u = 0. Let i = -2 - s. Calculate the highest common divisor of i and 5.
1
Suppose 33 = 2*p - 105. What is the highest common factor of 46 and p?
23
Let v = 23 + -12. Let b = -20 + 108. What is the highest common factor of v and b?
11
Let s be 110/8 - 2/(-8). Suppose -p + 140 = 4*p. Calculate the greatest common factor of s and p.
14
Let d = 16 + -16. Suppose 0 = 5*o - 3*a - 5 - 18, d = -5*o - 4*a + 16. What is the highest common divisor of 1 and o?
1
Let w be 2/(-10) + (-63)/(-15). Let a(d) = d**3 - 4*d**2 + d - 1. Let x be a(w). What is the highest common factor of 15 and x?
3
Let g be (-2)/(-6) - 52/(-6). Let o be 63/14*(-4)/(-6). Suppose 5*i + 4*n = 221, -n = -o*n - 2. What is the greatest common divisor of g and i?
9
Suppose -5*a + 14 = p - 19, 0 = a + 4*p - 18. Let b be 2*(a - (2 + 0)). Let u(s) = s + 3. Let h be u(b). Calculate the highest common divisor of 121 and h.
11
Let k = 75 - 13. What is the greatest common factor of k and 248?
62
Let o = 87 + 4. Suppose -5*p + 106 = -2*y, 5*p + 0*y + 3*y = o. Calculate the greatest common divisor of p and 4.
4
Let k be ((-8)/10)/(4/(-30)). Let o be (-138)/(-9) - (1 - 4/6). Calculate the greatest common factor of k and o.
3
Let w(k) = 2*k**3 - 18*k**2 + 2*k - 2. Let l be w(9). Calculate the highest common divisor of l and 8.
8
Let w(g) = g**2 - 4*g + 4. Let r be w(4). Suppose 3*t + r*o = 8*t - 6, -4*o = 2*t - 8. Calculate the highest common factor of t and 14.
2
Let h(i) = -11*i + 4. Let s(g) = -g**2 + 3*g + 2. Let q be s(4). Let a be h(q). Calculate the greatest common factor of 65 and a.
13
Suppose -5*s - 4*u = -37, 0 = -6*s + 2*s + 5*u + 5. Let l = s + 0. What is the highest common factor of l and 10?
5
Let i(o) = -52*o - 1. Let t be i(-1). Calculate the highest common factor of t and 34.
17
Suppose a - 20 = -4*f, 2*f - 25 = -3*f + 5*a. Calculate the greatest common factor of f and 55.
5
Let z(u) = -u**2 - 8*u - 4. Let d(p) = -2*p + 13. Let r be d(9). Let i be z(r). Calculate the greatest common divisor of i and 11.
11
Let m be (-10)/(-3)*9/6. Calculate the highest common factor of m and 65.
5
Let u(p) = 5*p - 22. Let k be u(7). Calculate the greatest common divisor of 117 and k.
13
Suppose -5*a - 4*u = 89 - 478, -2*u = -2. What is the greatest common factor of a and 7?
7
Suppose -5*m + 4*m - 32 = -3*o, -3*o + 20 = -4*m. What is the greatest common divisor of 3 and o?
3
Let j = -2 - -2. Suppose -a - 3*a = j. Let r be (-3)/((1 + a)/(-6)). What is the highest common divisor of r and 27?
9
Suppose 0 = b + 2, 6*d - d - 4*b = 58. Calculate the greatest common divisor of d and 25.
5
Let k = 97 - 69. What is the greatest common divisor of k and 42?
14
Let a be -2 - (-102)/(1 + 2). Suppose -t + 32 = -4*w, 0 = -t + 3*w + a. What is the highest common factor of 8 and t?
8
